umber?
True
Is 593687 a composite number?
True
Is 423877 composite?
True
Is 48293 composite?
True
Is 1083011 composite?
True
Is 2633 prime?
True
Is 43331 a prime number?
True
Is 621515 prime?
False
Is 122651 prime?
True
Is 16837 prime?
False
Is 2867 a prime number?
False
Is 19121 composite?
False
Is 1259791 a composite number?
True
Is 8157 a composite number?
True
Is 12841 a composite number?
False
Is 178645 a composite number?
True
Is 30035 a composite number?
True
Is 731851 composite?
False
Is 279397 prime?
True
Is 438199 composite?
True
Is 130003 a composite number?
False
Is 149915 a prime number?
False
Is 5779 a composite number?
False
Is 11899 prime?
False
Is 178951 prime?
True
Is 201143 a prime number?
False
Is 10859 a composite number?
False
Is 8263 composite?
False
Is 4385 a prime number?
False
Is 12799 a prime number?
True
Is 6181 composite?
True
Is 501059 a prime number?
False
Is 296333 a prime number?
False
Is 5171 a prime number?
True
Is 115421 a composite number?
False
Is 83891 prime?
True
Is 864401 a composite number?
True
Is 91347 a prime number?
False
Is 140521 prime?
True
Is 146137 composite?
True
Is 846587 composite?
True
Is 93343 a prime number?
False
Is 521 prime?
True
Is 5461 prime?
False
Is 89773 composite?
True
Is 5923 prime?
True
Is 212053 prime?
False
Is 30605 a prime number?
False
Is 23509 a composite number?
False
Is 72251 a composite number?
False
Is 1025741 prime?
True
Is 2022583 a prime number?
True
Is 7121 composite?
False
Is 16087 prime?
True
Is 65867 prime?
True
Is 5701 a composite number?
False
Is 1597 composite?
False
Is 285393 prime?
False
Is 2831 composite?
True
Is 83737 prime?
True
Is 1780481 composite?
False
Is 108427 a composite number?
True
Is 6449 prime?
True
Is 6002215 a prime number?
False
Is 688393 a prime number?
True
Is 11731 composite?
False
Is 350503 prime?
True
Is 9979 a prime number?
False
Is 3833 composite?
False
Is 10547 prime?
False
Is 107009 composite?
True
Is 21727 a prime number?
True
Is 134447 a composite number?
True
Is 48751 a composite number?
False
Is 184397 composite?
True
Is 492023 a prime number?
False
Is 5777 a prime number?
False
Is 5245 a composite number?
True
Is 296041 a prime number?
True
Is 28553 a prime number?
False
Is 19641 a composite number?
True
Is 43943 a prime number?
True
Is 18113 prime?
False
Is 6887 prime?
False
Is 158423 prime?
False
Is 29993 a prime number?
False
Is 292087 prime?
False
Is 12661 a prime number?
False
Is 535 a prime number?
False
Is 499 prime?
True
Is 57029 a prime number?
False
Is 9809367 a prime number?
False
Is 8263 composite?
False
Is 8927 a prime number?
False
Is 592723 a prime number?
True
Is 479285 a composite number?
True
Is 7115 composite?
True
Is 154927 composite?
False
Is 3331 a composite number?
False
Is 59617 composite?
False
Is 181081 a prime number?
True
Is 30341 composite?
False
Is 807 prime?
False
Is 103097 a prime number?
False
Is 248659 a composite number?
True
Is 29269 composite?
False
Is 147023 a composite number?
True
Is 223697 composite?
False
Is 1523 a prime number?
True
Is 29201 prime?
True
Is 109723 prime?
False
Is 15518 composite?
True
Is 12097 a prime number?
True
Is 1511 a prime number?
True
Is 20477 prime?
True
Is 54007 a composite number?
True
Is 117197 composite?
True
Is 16057 a composite number?
False
Is 15719 a prime number?
False
Is 8341 composite?
True
Is 28271 a prime number?
False
Is 25409 a prime number?
True
Is 324959 composite?
True
Is 1212527 composite?
True
Is 50741 a prime number?
True
Is 636117 prime?
False
Is 57623 a composite number?
True
Is 225211 a composite number?
True
Is 447565 prime?
False
Is 170627 composite?
False
Is 273057 a composite number?
True
Is 4271 a composite number?
False
Is 455309 prime?
True
Is 1735 composite?
True
Is 31951 composite?
True
Is 64147 a composite number?
True
Is 27323 a composite number?
True
Is 962449 composite?
True
Is 551 a composite number?
True
Is 197233 composite?
False
Is 23143 a composite number?
False
Is 15877 prime?
True
Is 40693 a prime number?
True
Is 4859 composite?
True
Is 1604111 a composite number?
False
Is 782707 a prime number?
True
Is 131533 a composite number?
True
Is 1282343 prime?
True
Is 204866 a prime number?
False
Is 641 a composite number?
False
Is 6229 a prime number?
True
Is 9413 a composite number?
False
Is 593111 composite?
False
Is 26459 prime?
True
Is 26123 prime?
False
Is 75743 prime?
True
Is 19031 prime?
True
Is 71471 a prime number?
True
Is 1421891 a prime number?
False
Is 334207 composite?
True
Is 15709 prime?
False
Is 104087 a composite number?
False
Is 365 a prime number?
False
Is 29221 a prime number?
True
Is 82607 composite?
True
Is 963973 prime?
True
Is 2406383 a prime number?
False
Is 1697381 composite?
True
Is 27718 composite?
True
Is 76561 a composite number?
False
Is 946943 a composite number?
False
Is 4777 a prime number?
False
Is 2156015 a composite number?
True
Is 481049 a prime number?
False
Is 23269 prime?
True
Is 1019833 a composite number?
True
Is 848117 prime?
False
Is 69521 a prime number?
False
Is 147419 a prime number?
True
Is 1439 a prime number?
True
Is 15787 a prime number?
True
Is 44417 a prime number?
True
Is 7201 a prime number?
False
Is 304331 a prime number?
True
Is 524585 a composite number?
True
Is 21779 a prime number?
False
Is 10529 composite?
False
Is 4479 a composite number?
True
Is 4727 a prime number?
False
Is 151321 composite?
True
Is 118115 prime?
False
Is 91253 prime?
True
Is 479131 a composite number?
False
Is 211859 prime?
True
Is 10211 prime?
True
Is 10313 a composite number?
False
Is 1043 composite?
True
Is 3457 a composite number?
False
Is 81779 prime?
False
Is 830549 composite?
False
Is 79939 prime?
True
Is 366677 prime?
True
Is 62783 a composite number?
True
Is 3343 a composite number?
False
Is 157 a prime number?
True
Is 16619 prime?
True
Is 49277 a composite number?
False
Is 1259627 a prime number?
True
Is 886 a composite number?
True
Is 23721 prime?
False
Is 3148421 a prime number?
True
Is 267635 composite?
True
Is 54599 a prime number?
False
Is 1386907 a prime number?
False
Is 35963 prime?
True
Is 38023 composite?
True
Is 35671 composite?
False
Is 2077 a composite number?
True
Is 57683 prime?
False
Is 20351 a composite number?
True
Is 26527 a prime number?
False
Is 609253 composite?
False
Is 10061 a prime number?
True
Is 8506 a prime number?
False
Is 238117 a prime number?
False
Is 561863 composite?
True
Is 8311 composite?
False
Is 141385 a prime number?
False
Is 797 prime?
True
Is 150899 composite?
True
Is 463153 a prime number?
False
Is 482269 prime?
False
Is 221131 prime?
False
Is 21541 prime?
False
Is 56039 a composite number?
False
Is 296291 a prime number?
False
Is 20201 a prime number?
True
Is 697 composite?
True
Is 2917 a composite number?
False
Is 1586839 composite?
True
Is 7327 prime?
False
Is 65857 a prime number?
False
Is 3209 composite?
False
Is 182963 prime?
False
Is 221855 prime?
False
Is 26581 a prime number?
False
Is 19553 a composite number?
False
Is 3935 composite?
True
Is 240991 a prime number?
False
Is 21467 a prime number?
True
Is 37371 a composite number?
True
Is 103829 a prime number?
False
Is 14221 a prime number?
True
Is 1277 a composite number?
False
Is 3092065 a prime number?
False
Is 1935761 a prime number?
False
Is 36653 composite?
False
Is 6074 a prime number?
False
Is 34061 prime?
True
Is 1249 a prime number?
True
Is 1931 prime?
True
Is 3517 prime?
True
Is 6922 a prime number?
False
Is 17354 a composite number?
True
Is 294809 composite?
False
Is 255319 a prime number?
False
Is 80165 composite?
True
Is 1091 a prime number?
True
Is 5129 composite?
True
Is 1835481 a prime number?
False
Is 440039 composite?
False
Is 239263 a composite number?
False
Is 87821 composite?
True
Is 498857 composite?
False
Is 1444873 composite?
False
Is 138657 prime?
False
Is 44839 a composite number?
False
Is 5722031 prime?
False
Is 44449 a composite number?
False
Is 4289 a prime number?
True
Is 55885 composite?
True
Is 9091 a composite number?
False
Is 2149 a composite number?
True
Is 51827 a composite number?
False
Is 101245 a prime number?
False
Is 2921 composite?
True
Is 157091 a prime number?
False
Is 4667 composite?
True
Is 893777 a prime number?
True
Is 32483 prime